 - l. What is i(g)?
-9
Let d(n) = -18*n + 113. Let h be d(6). Let y(k) = 766*k**2 + k - 1524*k**2 + h*k - k**3 + 11 + 765*k**2. Give y(8).
-5
Let s(i) = 610 - 7*i - 1822 + 525 + 551. Determine s(-18).
-10
Let x(y) = 2*y + 16. Let c(z) = -13*z - 283. Let w(o) = -c(o) - 10*x(o). Calculate w(17).
4
Suppose 6 = 18*a - 16*a. Suppose -a*v = -9*v + 12. Let m(i) = v*i + i - 6*i - 3. Determine m(3).
-12
Let w(j) = -3*j**2 + 3*j + 43. Let u(f) = -28*f**2 + 28*f + 409. Let n(i) = -2*u(i) + 19*w(i). Let h = 4 + -6. Determine n(h).
-7
Let k(o) = 29 + 3*o - 48 + 20. Suppose -2*j - 20 - 38 = 0. Let f = j + 31. Give k(f).
7
Let v = -285 - -400. Let h = -114 + v. Let c(j) = -j**3 + j**2 - j. Let i(t) = 4*t**3 - 6*t**2 + 7*t - 1. Let r(n) = 6*c(n) + i(n). What is r(h)?
-2
Let i(a) = 3*a + 17. Suppose -3*j = -11*j + 80. Let y be 180/27*(-12)/j. Determine i(y).
-7
Suppose -4*m + 35 - 3 = 0. Let q(g) be the third derivative of 7/60*g**5 - 23*g**2 - 1/120*g**6 + 1/3*g**3 + 0 + 2*g + 3/8*g**4. Give q(m).
10
Let b(k) be the first derivative of -k**2 - 4*k + 2. Let q be ((-24)/(-20))/(366/1220). What is b(q)?
-12
Let c(j) = -2*j**3 + 31*j**2 - 13*j - 32. Suppose -5*t - 347 + 422 = 0. What is c(t)?
-2
Let t = 362 + -367. Let z(f) be the first derivative of -f**3/3 - 2*f**2 + 3*f + 155. Calculate z(t).
-2
Let l(p) be the second derivative of -2/3*p**3 + 0 + 1/2*p**2 - 11*p + 1/2*p**4 - 1/20*p**5. Give l(3).
16
Let v(d) = d**2 - 4*d - 1. Suppose 3 = -y - 3. Let j be 62*(3 - (-21)/y). Let u = -29 - j. Calculate v(u).
-5
Let b(y) = -3*y**3 + 5*y**2 - 4. Let q = 4857 + -4853. Give b(q).
-116
Let q(l) = 3*l**2 + 6*l + 3. Let y(u) = -2*u**2 - u + 1. Let a = -23 + 22. Let b(z) = a*q(z) - y(z). What is b(-3)?
2
Let k(c) = 304*c - 59. Let t(f) = 225*f - 59. Let q(l) = 3*k(l) - 4*t(l). Calculate q(-4).
11
Let s(g) be the second derivative of 28*g**3/3 + 3*g**2 + 54*g + 53. Determine s(2).
118
Let j(l) be the second derivative of 0 + 208*l + 5*l**2 - 7/6*l**3 + 5/12*l**4 - 1/20*l**5. What is j(4)?
-2
Suppose 10*v + 140 = -49 + 289. Let l(z) = -z**2 + 44*z - 335. Calculate l(v).
5
Let i(q) = 9*q - 33. Let g(v) = -v**2 - 27*v - 164. Let x be g(-10). What is i(x)?
21
Let m(o) = -7*o**2 - 9*o + 31. Let u(q) = -3*q**2 + q + 2. Let v(d) = -m(d) + 2*u(d). Calculate v(3).
15
Let d(x) = 14*x**2 + x. Let g = 10059 + -10060. Determine d(g).
13
Suppose 6*w + 187 = -203. Let t = -68 - w. Let p(x) = -6*x**2 + 3 - 4*x**2 + 4*x**2 - 3*x + 5*x**2. Calculate p(t).
3
Let x(j) = 2*j**2 - 31*j - 47. Let s(y) = y**2 - 6*y - 1. Let u(c) = 3*s(c) - x(c). Determine u(-5).
4
Let s = 18697 - 18695. Let j(f) be the first derivative of -1/2*f**2 + 37 + s*f. Calculate j(7).
-5
Let z(s) be the third derivative of -3*s**2 + 1/2*s**3 + 6 + 1/120*s**6 - 5/24*s**4 + 0*s - 1/20*s**5. Give z(4).
-1
Let w(r) = -r - 3. Let k be (20/3 + 0)*(-66)/(-55). Suppose -2*z = 2*m - k, -m + 2*z + 16 = 6*z. What is w(m)?
-3
Let h be (-2)/(-3) - (-117)/27. Suppose 5*k + 10 = 5*p, h*p = 2*p + 15. Let c(g) = -14*g**3 - 9*g**3 + 20*g**k. Give c(1).
-3
Let k = -1115 + 1120. Suppose 0 + 5 = -2*d + f, -d - 19 = 5*f. Let p(j) = -4*j + 6. Let x(q) = 3*q - 5. Let i(u) = d*p(u) - 5*x(u). Calculate i(k).
6
Suppose -5*j = -i + 523 - 159, -4*i = 2*j + 150. Let f = -86 - j. Let s be 0*(-1)/2*f/(-26). Let c(x) = -x**2 - x - 2. What is c(s)?
-2
Let u(k) = -3*k**2 - 7*k - 2. Let v(f) = -13*f**2 + 23*f - 21. Let i(y) = 15*y**2 - 24*y + 18. Let p(s) = -6*i(s) - 7*v(s). Let g be p(14). Calculate u(g).
-8
Let o(r) = -r**3 - 13*r**2 - 3*r + 52. Let x be -3*14/(-6) - (950/(-5))/(-10). Calculate o(x).
-56
Let i(c) be the second derivative of c**5/20 + c**3/3 + 3*c**2/2 + c. Suppose 123008*q = 123020*q + 36. Calculate i(q).
-30
Let s = -127 - -111. Let x be s/(-48) - (-14)/(-6). Let j(v) = v**3. Let u(i) = -3*i**3 + 6*i**2 + 9*i - 6. Let n(l) = x*j(l) - u(l). What is n(7)?
-8
Let u(g) = -g + 2. Suppose 0 = -39*w + 116*w + 95*w. Give u(w).
2
Let s = 93 - 91. Let c(q) = 3*q**3 + 5*q**2 - 4*q - 9. Let u(n) = -4*n**3 - 4*n**2 + 5*n + 9. Let r(l) = s*u(l) + 3*c(l). Give r(-7).
5
Let k(x) = -28*x + 11 + 6*x + 2*x + 7*x. Let y(l) be the second derivative of 7*l**3/6 - 3*l**2 + 17*l. Let v(w) = 6*k(w) + 11*y(w). Calculate v(5).
-5
Let b(j) be the first derivative of -j**3/3 - 2*j**2 + 3*j + 13. Let t be b(-4). Let d(i) = t*i**2 + 4*i**2 + 4*i**2 + 6 + 8*i - 9*i**2. Give d(-5).
16
Suppose -4*t + 23 = -5*x, 3*x = -0*t + t - 11. Suppose 0 = -5*y + 20, 4*g = -t*y + 5*y + 8. Let u(j) = 2 - 2*j**2 + 4 - 4*j + 10*j. Determine u(g).
-14
Let y(j) = j**3 + j**2 - 6*j + 3. Let m(i) = -157*i**3 + 6*i**2 - 29*i + 15. Let p(c) = m(c) - 5*y(c). Give p(-1).
162
Let q(h) = -4 + 8 - 10*h + 2. Let u(o) = -o - 6 + 0*o + 6*o + 3. Let r(z) = -6*q(z) - 11*u(z). Calculate r(4).
17
Suppose 11 - 3 = 4*p. Suppose 3*j - p*j - 6 = 0. Let u(q) = 18*q - q**2 + j*q + 1 - 18*q. Give u(6).
1
Let u(o) = o**3 - 8*o**2 + 6*o + 6. Suppose 13*x = 9*x + 60. Suppose 0*d + 5*d - x = 0, 4*d = 3*b - 9. What is u(b)?
-1
Suppose 0 = -3*t - 130 + 1003. Suppose -5*z + 8*z = t. Let i = -102 + z. Let j(c) = 2*c - 2. What is j(i)?
-12
Let i(d) = -d**3 + 6*d**2 + 5*d + 3. Suppose 2*g = 5*j - 13, 4*g + 0 = -4*j + 16. Let p(q) = -q + j*q - q + 16. Let l be p(-9). Give i(l).
-11
Let j = -2 + -6. Let d(k) = 4 + 73314073*k + 3 - 73314063*k + k**2. What is d(j)?
-9
Let p be 35511/(-126) - 2/12. Let j = -282 - p. Let m(s) = s**3 + s**2 - s + 2. What is m(j)?
2
Let j(a) = a**2 - 6*a + 1. Suppose 7*q = -0 - 0. Suppose 4*i - 9*i - 50 = q. Let c be (-2 - 27/(-15)) + (-72)/i. Determine j(c).
8
Let v(y) = -124 + 40 + 80 - 55*y. Calculate v(0).
-4
Let o(i) = i - 9. Let t be o(12). Let k be 8 + 3 - (9 + 0). Suppose 0 = -5*u + m - 1, k*u - 5*m - 6 = -t*m. Let d(v) = -2*v + 1. Give d(u).
3
Let v(h) = 23*h**2 + 5*h - 2. Let w be (130/(-104))/((-15)/12). Give v(w).
26
Let w(m) be the third derivative of m**6/120 - m**5/15 - m**4/3 + 2*m**3 - 9114*m**2. Let l be (-10)/15*(-15)/2. Determine w(l).
-3
Let f(l) = -l**3 - 4*l**2 - 7*l + 25. Let q be f(2). Let s(x) = -x**3 - 13*x**2 + x - 2. Calculate s(q).
-15
Let v(x) be the first derivative of -x**3/6 + 3*x**2/2 + 55*x + 50. Let c(b) be the first derivative of v(b). Give c(3).
0
Let w(x) = x**3 + 6*x**2 + 4*x - 2. Let t be w(-5). Suppose -2*i = -g - 5*i - 5, t*g = -3*i - 3. Let s(o) = g - 3*o + 4 + 2 - 4. Give s(2).
-3
Let s(u) = -3*u**3 + 6*u**2 + 7*u - 21. Let t(x) = 7*x**3 - 11*x**2 - 14*x + 43. Let g(m) = -5*s(m) - 2*t(m). Give g(9).
37
Let p(a) = -3*a + 5. Suppose 6*m + 570 - 229 - 281 = 0. Give p(m).
35
Suppose -35 - 42 = 9*m - 5. Let l(y) = -y**3 - 8*y**2 + 3*y + 18. What is l(m)?
-6
Suppose -137*h + 88 + 323 = 0. Let f(n) = -n**2 + 7*n - 5. Give f(h).
7
Let s = 8493 - 8491. Let i(z) be the second derivative of 0 + 1/6*z**4 - 1/10*z**5 + 1/2*z**s + 21*z + 1/3*z**3. Determine i(-1).
3
Let r = 198 + -199. Let i(s) = -50*s**3 + s + 2. Give i(r).
51
Let t(o) be the first derivative of -o**4/4 - 4*o**3 + 11*o**2/2 - 12*o - 624. Calculate t(-13).
14
Let s(j) = -j**2 - 17*j - 58. Let x be 29/((-29)/24) - -11. What is s(x)?
-6
Let s(c) = -7*c - 28. Let y be s(-7). Suppose y*o - 8*o + 195 = 0. Let g be (-6)/15*o/1. Let i(b) = b - 1. Calculate i(g).
5
Let m(f) = f**3 + 10*f**2 + 17*f - 19. Let y(l) = l**3 + 21*l**2 - 98*l + 43. Let q be y(-25). Calculate m(q).
9
Let i be (1 - (-3 - -7) - 0)/(-1). Suppose b - 3 = i. Let t be 2 + 0*((-3)/b - 0). Let q(a) = a**2 - 2*a + 3. Determine q(t).
3
Let g(u) = u**2 + 8*u + 5. Suppose 22*j = 3*j + 11229. Let t = j - 596. Give g(t).
-10
Let t(w) = 145*w - 291. Suppose -22*r - 17*r + 80 = r. Give t(r).
-1
Let g be ((-14)/42)/((-2)/(-54)). Let k(a) be the second derivative of a**3/6 + 9*a**2/2 - 10*a - 2. Let u be k(g). Let p(y) = -y**2 - y - 13. Give p(u).
-13
Suppose -390 = 16*i - 1254. Let m(n) = -3 - 123*n + i*n + 74*n. Calculate m(1).
2
Let o = -3 + -1. Let t(b) = -3*b**3 + 2*b**2 + 12. Let d(m) = -4*m**3 + 2*m**2 + m + 14. Let h = -267 - -272. Let f(j) = h*t(j) - 4*d(j). What is f(o)?
-12
Let c(z) = -z**3 + 161*z**2 - 2*z + 50. Let y(b) = -b**3 + 133*b**2 - 2*b + 49. Let l(t) = 4*c(t) - 5*y(t). Calculate l(21).
-3
Let g(s) be the third derivative of -2*s**4/3 - 53*s**3/2 + 888*s**2 + 3. Determine g(-10).
1
Suppose 58*n - 3*y - 3 = 62*n, -4*n = -